highest common divisor of 781 and 497.
71
Calculate the greatest common factor of 396 and 9.
9
Calculate the highest common divisor of 333 and 18.
9
What is the highest common factor of 254 and 4?
2
Calculate the greatest common divisor of 735 and 1029.
147
What is the greatest common divisor of 25 and 1025?
25
What is the highest common divisor of 45 and 245?
5
What is the highest common divisor of 24 and 84?
12
What is the highest common divisor of 44752 and 16?
16
Calculate the highest common divisor of 2666 and 774.
86
What is the greatest common divisor of 1189 and 29?
29
What is the highest common divisor of 24 and 552?
24
What is the highest common factor of 30728 and 167?
167
What is the greatest common factor of 72 and 162?
18
Calculate the greatest common factor of 244 and 3294.
122
What is the highest common factor of 64 and 448?
64
What is the highest common factor of 16 and 122?
2
Calculate the greatest common divisor of 5352 and 16.
8
What is the greatest common factor of 1573 and 11?
11
Calculate the highest common factor of 434 and 42.
14
Calculate the highest common divisor of 14 and 224.
14
What is the greatest common factor of 27 and 153?
9
Calculate the highest common divisor of 639 and 142.
71
Calculate the greatest common divisor of 21 and 189.
21
What is the greatest common divisor of 344 and 602?
86
What is the highest common divisor of 36 and 132?
12
What is the greatest common factor of 639 and 5?
1
Calculate the highest common factor of 54 and 3618.
54
What is the highest common factor of 900 and 100?
100
What is the greatest common divisor of 184 and 32?
8
What is the highest common divisor of 592 and 144?
16
What is the greatest common factor of 598 and 676?
26
What is the highest common divisor of 106 and 6625?
53
What is the highest common divisor of 442 and 238?
34
Calculate the greatest common divisor of 1943 and 145.
29
What is the highest common factor of 14 and 238?
14
Calculate the highest common divisor of 9 and 2.
1
What is the highest common divisor of 341 and 4619?
31
What is the greatest common divisor of 5250 and 100?
50
What is the highest common divisor of 849 and 18395?
283
What is the greatest common factor of 42 and 108?
6
Calculate the greatest common factor of 4 and 364.
4
What is the highest common divisor of 425 and 935?
85
What is the greatest common factor of 40 and 256?
8
What is the highest common divisor of 4 and 52?
4
Calculate the highest common divisor of 12 and 732.
12
Calculate the greatest common divisor of 175 and 280.
35
Calculate the highest common factor of 13815 and 27.
9
What is the greatest common factor of 11275 and 25?
25
What is the highest common divisor of 688 and 86?
86
Calculate the highest common divisor of 3 and 45.
3
Calculate the highest common factor of 62 and 2294.
62
Calculate the highest common divisor of 732 and 48.
12
What is the greatest common factor of 620 and 20?
20
Calculate the highest common factor of 400 and 12240.
80
Calculate the greatest common factor of 231 and 63.
21
What is the highest common factor of 1330 and 14?
14
What is the greatest common divisor of 175 and 125?
25
What is the highest common divisor of 65 and 1585?
5
What is the greatest common divisor of 41 and 451?
41
What is the highest common factor of 7296 and 57?
57
Calculate the highest common divisor of 5 and 385.
5
What is the greatest common divisor of 3800 and 456?
152
What is the highest common factor of 6282 and 18?
18
Calculate the highest common factor of 272 and 8.
8
What is the greatest common divisor of 5363 and 346?
173
What is the highest common divisor of 259 and 148?
37
What is the greatest common divisor of 90 and 372?
6
What is the highest common divisor of 734 and 2?
2
Calculate the highest common factor of 200 and 75.
25
What is the greatest common factor of 259 and 74?
37
What is the greatest common divisor of 374 and 34?
34
Calculate the greatest common divisor of 100 and 470.
10
Calculate the greatest common divisor of 105 and 75.
15
What is the highest common factor of 3 and 57?
3
What is the greatest common factor of 4 and 478?
2
Calculate the highest common factor of 4 and 718.
2
What is the highest common factor of 891 and 517?
11
What is the greatest common divisor of 72 and 2584?
8
What is the highest common divisor of 40 and 25?
5
What is the highest common factor of 1236 and 7622?
206
Calculate the greatest common factor of 57951 and 47.
47
What is the greatest common divisor of 49 and 588?
49
What is the greatest common divisor of 25066 and 1208?
302
What is the greatest common factor of 533 and 13?
13
Calculate the highest common factor of 84 and 12.
12
What is the greatest common factor of 208 and 15496?
104
Calculate the highest common factor of 592 and 1147.
37
What is the greatest common divisor of 1782 and 44?
22
What is the greatest common factor of 3 and 57?
3
What is the highest common factor of 3294 and 488?
122
What is the highest common factor of 280 and 105?
35
Calculate the highest common factor of 312 and 78.
78
What is the highest common divisor of 2369 and 824?
103
What is the highest common divisor of 42 and 84?
42
What is the highest common divisor of 91 and 7?
7
Calculate the greatest common divisor of 283 and 112351.
283
Calculate the highest common divisor of 88 and 352.
88
Calculate the greatest common factor of 7447 and 11.
11
What is the greatest common factor of 245 and 70?
35
Calculate the highest common factor of 759 and 66.
33
Calculate the greatest common factor of 567 and 1377.
81
What is the greatest common factor of 1120 and 600?
40
What is the greatest common factor of 960 and 3072?
192
What is the greatest common divisor of 1098 and 36?
18
What is the greatest common factor of 403 and 13?
13
What is the greatest common factor of 92 and 71116?
92
What is the highest common divisor of 148 and 5069?
37
Calculate the highest common divisor of 152 and 8.
8
What is the greatest common divisor of 27 and 33?
3
What is the greatest common divisor of 24 and 57?
3
Calculate the greatest common divisor of 64 and 256.
64
What is the highest common factor of 574 and 14?
14
Calculate the greatest common divisor of 87 and 435.
87
What is the greatest common factor of 516 and 96?
12
What is the greatest common divisor of 1535 and 10?
5
Calculate the highest common divisor of 266 and 19.
19
Calculate the highest common factor of 12 and 147.
3
What is the greatest common factor of 456 and 138?
6
Calculate the greatest common divisor of 341 and 11.
11
Calculate the highest common factor of 1190 and 28.
14
Calculate the greatest common factor of 377 and 13.
13
What is the greatest common factor of 25 and 225?
25
Calculate the greatest common factor of 58 and 4.
2
Calculate the highest common divisor of 5526 and 288.
18
Calculate the highest common factor of 420 and 315.
105
What is the greatest common factor of 6 and 138?
6
What is the highest common factor of 49 and 8?
1
Calculate the highest common factor of 30 and 975.
15
What is the highest common divisor of 2412 and 134?
134
What is the greatest common divisor of 650 and 442?
26
What is the greatest common factor of 51 and 32997?
51
What is the greatest common divisor of 3721 and 122?
61
What is the greatest common divisor of 36 and 92?
4
What is the highest common factor of 15 and 120?
15
What is the highest common divisor of 165 and 60?
15
What is the highest common divisor of 51 and 3604?
17
Calculate the highest common divisor of 10088 and 52.
52
Calculate the highest common divisor of 176 and 110.
22
Calculate the greatest common divisor of 51 and 2.
1
Calculate the greatest common factor of 363 and 33.
33
Calculate the highest common factor of 1856 and 72.
8
Calculate the highest common factor of 28 and 3374.
14
What is the highest common divisor of 10 and 274?
2
Calculate the highest common factor of 1136 and 688.
16
What is the greatest common factor of 429 and 4433?
143
What is the greatest common divisor of 54 and 2943?
27
Calculate the highest common divisor of 1670 and 10.
10
What is the greatest common factor of 58 and 56?
2
What is the highest common divisor of 55 and 660?
55
Calculate the highest common divisor of 493 and 145.
29
Calculate the highest common fac